MONTHLY CLIMATOLOGICAL SUMMARY for SEP. 2011

NAME: Morvikveien Værstasjon   CITY: Bergen STATE: Norway
ELEV: 48 LAT: 060:28:00 LONG: -005:16:00

                            TEMPERATURE ( °C), RAIN (mm), WIND SPEED (m/s)

                                                 HEAT     COOL           AVG
      MEAN                                       DEG      DEG            WIND                        DOM
DAY   TEMP    HIGH   TIME      LOW     TIME      DAYS     DAYS   RAIN    SPEED    HIGH    TIME       DIR
----------------------------------------------------------------------------------------------------------------------------------------------------------
01    14.0    20.1   12:57    09.6   05:50     04.3     00.0    00.0   00.6     04.6    17:27     NNE
02    13.0    19.3   11:28    10.9   22:57     05.3     00.0    00.5   00.7     06.2    17:22      SW
03    13.2    15.2   23:28    11.2   00:31     05.1     00.0    20.0   01.0     08.2    15:41      SW
04    15.2    16.5   16:23    14.3   02:18     03.1     00.0    19.7   00.4     07.2    07:38      SW
05    15.1    20.9   13:59    12.1   00:00     03.2     00.0    14.4   00.4     07.7    18:41      W 
06    12.6    15.5   10:58    10.9   00:00     05.7     00.0    25.8   01.3     09.3    09:57      S 
07    11.4    13.3   13:51    08.9   00:00     06.9     00.0    21.2   01.0     08.7    16:31      NW
08    10.9    16.4   16:19    08.5   05:18     07.4     00.0    27.4   00.5     06.7    10:06      S 
09    11.0    15.9   12:21    08.1   05:15     07.3     00.0    11.8   00.5     04.1    18:11     SSE
10    12.7    17.2   13:00    09.4   07:49     05.6     00.0    03.6   01.1     07.2    23:40      SE
11    15.2    17.9   12:35    12.9   00:00     03.1     00.0    19.5   01.2     10.8    22:39      SW
12    12.8    12.9   00:04    12.8   00:00     05.5     00.0    00.0   00.6     04.6    00:06     WSW
13    12.7    14.4   14:39    11.8   08:02     05.6     00.0    08.7   01.1     07.2    17:53     SSE
14    12.6    13.5   13:00    11.9   03:45     05.7     00.0    11.7   01.5     09.8    15:32     NNW
15    12.3    17.4   14:57    09.6   22:37     06.0     00.0    03.0   00.3     04.6    12:48     NNE
16    10.4    15.2   15:41    08.2   22:17     07.9     00.0    00.5   01.1     07.7    17:27     NNE
17    10.7    18.8   13:26    05.3   08:11     07.6     00.0    00.0   00.9     09.8    17:12      NE
18    10.5    19.6   16:45    05.0   07:42     07.8     00.0    00.5   00.5     05.1    20:52     SSE
19    11.6    13.7   17:30    09.5   01:28     06.7     00.0    04.1   02.2     08.2    02:45      SE
20    12.2    15.8   14:28    10.5   05:23     06.1     00.0    07.2   00.9     06.2    16:49      W 
21    11.4    14.7   11:11    09.1   00:00     06.9     00.0    09.3   01.3     09.3    20:57     SSW
22    09.8    13.3   15:05    07.8   23:17     08.5     00.0    18.5   01.8     10.8    10:22      NW
23    10.9    16.6   14:02    07.5   07:20     07.4     00.0    01.5   00.6     08.2    05:25      NW
24    13.0    16.1   15:36    10.8   01:30     05.3     00.0    06.2   01.1     07.2    18:28     WSW
25    13.4    15.3   13:53    11.8   07:29     04.9     00.0    06.7   01.3     10.8    18:31      SW
26    12.0    15.3   14:23    08.8   00:00     06.3     00.0    21.6   01.6     09.8    13:43      W 
27    11.4    15.0   13:09    08.8   00:10     06.9     00.0    02.5   01.0     07.2    15:44      SW
28    13.9    17.4   16:39    11.7   00:02     04.4     00.0    14.9   01.2     08.2    12:30      W 
29
30    18.0    25.2   15:23    14.8   00:13     00.3     00.0    00.0   00.6     07.2    06:26     WSW
31
----------------------------------------------------------------------------------------------------------------------------------------------------------
12.5 (13.3)   25.2  day 30     05.0  day 18   173.5    000.0   296.6   01.0     10.8   day 14      SW
Min <=   30: 30
Max Rain: 27.4 ON 8-09-11
Days of Rain: 26 (> .2mm) 22 (> 2mm) 5 (> 20mm)